{"id":1566,"date":"2021-03-18T15:07:15","date_gmt":"2021-03-18T15:07:15","guid":{"rendered":"https:\/\/akmenesmedelynas.lt\/?post_type=product&#038;p=1566"},"modified":"2022-10-15T14:07:30","modified_gmt":"2022-10-15T14:07:30","slug":"arkadija","status":"publish","type":"product","link":"https:\/\/akmenesmedelynas.lt\/?product=arkadija","title":{"rendered":"Arkadija"},"content":{"rendered":"","protected":false},"excerpt":{"rendered":"<p>Ankstyva stalo vynmed\u017ei\u0173 veisl\u0117, sukurta Ukrainoje. Vynuog\u0117s prinoksta rus\u0117jo antr\u0105j\u012f de\u0161imtadien\u012f. Savidulk\u0117. Kek\u0117s labai didel\u0117s 500 &#8211; 700g., did\u017eiausios net iki 2kg, vidutinio tankumo. Uogos stambios ir labai stambios (7-14g.), \u0161irdi\u0161kos formos, \u0161viesiai \u017ealios, beveik baltos, labai gra\u017eios, tvirtos. Kr\u016bmai vidutinio augumo, labai derlingi, anksti pradeda der\u0117ti, b\u016btina riboti keki\u0173 kiek\u012f. \u016agliai subr\u0119sta silpniau. Atsparumas \u0161al\u010diams 21-23\u00b0C. Reikia gerai u\u017edengti \u017eiem\u0105.<\/p>\n","protected":false},"featured_media":1567,"comment_status":"open","ping_status":"closed","template":"","meta":[],"class_list":{"0":"post-1566","1":"product","2":"type-product","3":"status-publish","4":"has-post-thumbnail","6":"product_cat-vynuoges","8":"first","9":"instock","10":"shipping-taxable","11":"product-type-simple"},"yoast_head":"<!-- This site is optimized with the Yoast SEO plugin v16.0.2 - https:\/\/yoast.com\/wordpress\/plugins\/seo\/ -->\n<title>Arkadija - Akmen\u0117s medelynas<\/title>\n<link rel=\"canonical\" href=\"https:\/\/akmenesmedelynas.lt\/?product=arkadija\" \/>\n<meta property=\"og:locale\" content=\"lt_LT\" \/>\n<meta property=\"og:type\" content=\"article\" \/>\n<meta property=\"og:title\" content=\"Arkadija - Akmen\u0117s medelynas\" \/>\n<meta property=\"og:description\" content=\"Ankstyva stalo vynmed\u017ei\u0173 veisl\u0117, sukurta Ukrainoje. Vynuog\u0117s prinoksta rus\u0117jo antr\u0105j\u012f de\u0161imtadien\u012f. Savidulk\u0117. Kek\u0117s labai didel\u0117s 500 - 700g., did\u017eiausios net iki 2kg, vidutinio tankumo. Uogos stambios ir labai stambios (7-14g.), \u0161irdi\u0161kos formos, \u0161viesiai \u017ealios, beveik baltos, labai gra\u017eios, tvirtos. Kr\u016bmai vidutinio augumo, labai derlingi, anksti pradeda der\u0117ti, b\u016btina riboti keki\u0173 kiek\u012f. \u016agliai subr\u0119sta silpniau. Atsparumas \u0161al\u010diams 21-23\u00b0C. Reikia gerai u\u017edengti \u017eiem\u0105.\" \/>\n<meta property=\"og:url\" content=\"https:\/\/akmenesmedelynas.lt\/?product=arkadija\" \/>\n<meta property=\"og:site_name\" content=\"Akmen\u0117s medelynas\" \/>\n<meta property=\"article:modified_time\" content=\"2022-10-15T14:07:30+00:00\" \/>\n<meta property=\"og:image\" content=\"https:\/\/akmenesmedelynas.lt\/wp-content\/uploads\/2021\/03\/arkadija.jpg\" \/>\n\t<meta property=\"og:image:width\" content=\"522\" \/>\n\t<meta property=\"og:image:height\" content=\"374\" \/>\n<meta name=\"twitter:card\" content=\"summary_large_image\" \/>\n<script type=\"application\/ld+json\" class=\"yoast-schema-graph\">{\"@context\":\"https:\/\/schema.org\",\"@graph\":[{\"@type\":\"Organization\",\"@id\":\"https:\/\/akmenesmedelynas.lt\/#organization\",\"name\":\"Akmen\\u0117s medelynas\",\"url\":\"https:\/\/akmenesmedelynas.lt\/\",\"sameAs\":[],\"logo\":{\"@type\":\"ImageObject\",\"@id\":\"https:\/\/akmenesmedelynas.lt\/#logo\",\"inLanguage\":\"lt-LT\",\"url\":\"https:\/\/akmenesmedelynas.lt\/wp-content\/uploads\/2021\/03\/Akmene\\u0307s-medelynas-Logo-5.png\",\"width\":1500,\"height\":1500,\"caption\":\"Akmen\\u0117s medelynas\"},\"image\":{\"@id\":\"https:\/\/akmenesmedelynas.lt\/#logo\"}},{\"@type\":\"WebSite\",\"@id\":\"https:\/\/akmenesmedelynas.lt\/#website\",\"url\":\"https:\/\/akmenesmedelynas.lt\/\",\"name\":\"Akmen\\u0117s medelynas\",\"description\":\"\",\"publisher\":{\"@id\":\"https:\/\/akmenesmedelynas.lt\/#organization\"},\"potentialAction\":[{\"@type\":\"SearchAction\",\"target\":\"https:\/\/akmenesmedelynas.lt\/?s={search_term_string}\",\"query-input\":\"required name=search_term_string\"}],\"inLanguage\":\"lt-LT\"},{\"@type\":\"ImageObject\",\"@id\":\"https:\/\/akmenesmedelynas.lt\/?product=arkadija#primaryimage\",\"inLanguage\":\"lt-LT\",\"url\":\"https:\/\/akmenesmedelynas.lt\/wp-content\/uploads\/2021\/03\/arkadija.jpg\",\"width\":522,\"height\":374},{\"@type\":\"WebPage\",\"@id\":\"https:\/\/akmenesmedelynas.lt\/?product=arkadija#webpage\",\"url\":\"https:\/\/akmenesmedelynas.lt\/?product=arkadija\",\"name\":\"Arkadija - Akmen\\u0117s medelynas\",\"isPartOf\":{\"@id\":\"https:\/\/akmenesmedelynas.lt\/#website\"},\"primaryImageOfPage\":{\"@id\":\"https:\/\/akmenesmedelynas.lt\/?product=arkadija#primaryimage\"},\"datePublished\":\"2021-03-18T15:07:15+00:00\",\"dateModified\":\"2022-10-15T14:07:30+00:00\",\"breadcrumb\":{\"@id\":\"https:\/\/akmenesmedelynas.lt\/?product=arkadija#breadcrumb\"},\"inLanguage\":\"lt-LT\",\"potentialAction\":[{\"@type\":\"ReadAction\",\"target\":[\"https:\/\/akmenesmedelynas.lt\/?product=arkadija\"]}]},{\"@type\":\"BreadcrumbList\",\"@id\":\"https:\/\/akmenesmedelynas.lt\/?product=arkadija#breadcrumb\",\"itemListElement\":[{\"@type\":\"ListItem\",\"position\":1,\"item\":{\"@type\":\"WebPage\",\"@id\":\"https:\/\/akmenesmedelynas.lt\/\",\"url\":\"https:\/\/akmenesmedelynas.lt\/\",\"name\":\"Home\"}},{\"@type\":\"ListItem\",\"position\":2,\"item\":{\"@type\":\"WebPage\",\"@id\":\"https:\/\/akmenesmedelynas.lt\/?post_type=product\",\"url\":\"https:\/\/akmenesmedelynas.lt\/?post_type=product\",\"name\":\"Produktai\"}},{\"@type\":\"ListItem\",\"position\":3,\"item\":{\"@type\":\"WebPage\",\"@id\":\"https:\/\/akmenesmedelynas.lt\/?product=arkadija\",\"url\":\"https:\/\/akmenesmedelynas.lt\/?product=arkadija\",\"name\":\"Arkadija\"}}]}]}<\/script>\n<!-- \/ Yoast SEO plugin. -->","_links":{"self":[{"href":"https:\/\/akmenesmedelynas.lt\/index.php?rest_route=\/wp\/v2\/product\/1566","targetHints":{"allow":["GET"]}}],"collection":[{"href":"https:\/\/akmenesmedelynas.lt\/index.php?rest_route=\/wp\/v2\/product"}],"about":[{"href":"https:\/\/akmenesmedelynas.lt\/index.php?rest_route=\/wp\/v2\/types\/product"}],"replies":[{"embeddable":true,"href":"https:\/\/akmenesmedelynas.lt\/index.php?rest_route=%2Fwp%2Fv2%2Fcomments&post=1566"}],"version-history":[{"count":2,"href":"https:\/\/akmenesmedelynas.lt\/index.php?rest_route=\/wp\/v2\/product\/1566\/revisions"}],"predecessor-version":[{"id":2460,"href":"https:\/\/akmenesmedelynas.lt\/index.php?rest_route=\/wp\/v2\/product\/1566\/revisions\/2460"}],"wp:featuredmedia":[{"embeddable":true,"href":"https:\/\/akmenesmedelynas.lt\/index.php?rest_route=\/wp\/v2\/media\/1567"}],"wp:attachment":[{"href":"https:\/\/akmenesmedelynas.lt\/index.php?rest_route=%2Fwp%2Fv2%2Fmedia&parent=1566"}],"curies":[{"name":"wp","href":"https:\/\/api.w.org\/{rel}","templated":true}]}}