{"id":2489,"date":"2022-03-16T17:43:43","date_gmt":"2022-03-16T17:43:43","guid":{"rendered":"http:\/\/akmenesmedelynas.lt\/?page_id=2489"},"modified":"2022-03-16T19:07:54","modified_gmt":"2022-03-16T19:07:54","slug":"pagrindinis","status":"publish","type":"page","link":"https:\/\/akmenesmedelynas.lt\/","title":{"rendered":"pagrindinis"},"content":{"rendered":"\t\t<div data-elementor-type=\"wp-page\" data-elementor-id=\"2489\" class=\"elementor elementor-2489\" data-elementor-settings=\"[]\">\n\t\t\t\t\t\t\t<div class=\"elementor-section-wrap\">\n\t\t\t\t\t\t\t<section class=\"elementor-section elementor-top-section elementor-element elementor-element-a21a3 elementor-section-boxed elementor-section-height-default elementor-section-height-default\" data-id=\"a21a3\" data-element_type=\"section\">\n\t\t\t\t\t\t<div class=\"elementor-container elementor-column-gap-no\">\n\t\t\t\t\t<div class=\"elementor-column elementor-col-50 elementor-top-column elementor-element elementor-element-bd8351a\" data-id=\"bd8351a\" data-element_type=\"column\">\n\t\t\t<div class=\"elementor-widget-wrap elementor-element-populated\">\n\t\t\t\t\t\t\t\t<div class=\"elementor-element elementor-element-101e3073 elementor-widget elementor-widget-heading\" data-id=\"101e3073\" data-element_type=\"widget\" data-widget_type=\"heading.default\">\n\t\t\t\t<div class=\"elementor-widget-container\">\n\t\t\t<h2 class=\"elementor-heading-title elementor-size-default\">Akmen\u0117s medelynas jau planuoja pavasario sezono prad\u017ei\u0105 <\/h2>\t\t<\/div>\n\t\t\t\t<\/div>\n\t\t\t\t<section class=\"elementor-section elementor-inner-section elementor-element elementor-element-e5a730c elementor-section-boxed elementor-section-height-default elementor-section-height-default\" data-id=\"e5a730c\" data-element_type=\"section\">\n\t\t\t\t\t\t<div class=\"elementor-container elementor-column-gap-default\">\n\t\t\t\t\t<div class=\"elementor-column elementor-col-50 elementor-inner-column elementor-element elementor-element-04d52cc\" data-id=\"04d52cc\" data-element_type=\"column\">\n\t\t\t<div class=\"elementor-widget-wrap elementor-element-populated\">\n\t\t\t\t\t\t\t\t<div class=\"elementor-element elementor-element-2e079d3 elementor-widget elementor-widget-text-editor\" data-id=\"2e079d3\" data-element_type=\"widget\" data-widget_type=\"text-editor.default\">\n\t\t\t\t<div class=\"elementor-widget-container\">\n\t\t\t\t\t<div class=\"elementor-text-editor elementor-clearfix\"><p><span style=\"font-size: 19px;\">Gamta pama\u017eu bunda i\u0161 po \u017eiemos miego ir neu\u017eilgo prad\u017eiugins nuostabiu lap\u0173 ir \u017eied\u0173 gro\u017eiu. Pas mus sodinukai taip pat pama\u017eu ruo\u0161iami \u0161i\u0173 met\u0173 sezonui.<\/span><\/p><\/div>\n\t\t\t\t<\/div>\n\t\t\t\t<\/div>\n\t\t\t\t\t<\/div>\n\t\t<\/div>\n\t\t\t\t<div class=\"elementor-column elementor-col-50 elementor-inner-column elementor-element elementor-element-b5bca0a\" data-id=\"b5bca0a\" data-element_type=\"column\">\n\t\t\t<div class=\"elementor-widget-wrap elementor-element-populated\">\n\t\t\t\t\t\t\t\t<div class=\"elementor-element elementor-element-a826166 elementor-widget elementor-widget-text-editor\" data-id=\"a826166\" data-element_type=\"widget\" data-widget_type=\"text-editor.default\">\n\t\t\t\t<div class=\"elementor-widget-container\">\n\t\t\t\t\t<div class=\"elementor-text-editor elementor-clearfix\"><p>Bet kol neprad\u0117jome atkyvios sezono prekybos galime pasi\u016blyti didesn\u012f ir \u012fvairesn\u012f sodinuk\u0173 asortiment\u0105, susiekite tel nr.:\u00a0+370 (672) 68113 arba\u00a0 \u00a0+370 (620) 14574<\/p><\/div>\n\t\t\t\t<\/div>\n\t\t\t\t<\/div>\n\t\t\t\t\t<\/div>\n\t\t<\/div>\n\t\t\t\t\t\t\t<\/div>\n\t\t<\/section>\n\t\t\t\t\t<\/div>\n\t\t<\/div>\n\t\t\t\t<div class=\"elementor-column elementor-col-50 elementor-top-column elementor-element elementor-element-2d81d415\" data-id=\"2d81d415\" data-element_type=\"column\" data-settings=\"{&quot;background_background&quot;:&quot;classic&quot;}\">\n\t\t\t<div class=\"elementor-widget-wrap elementor-element-populated\">\n\t\t\t\t\t\t\t\t<div class=\"elementor-element elementor-element-0f738de elementor-widget elementor-widget-image\" data-id=\"0f738de\" data-element_type=\"widget\" data-widget_type=\"image.default\">\n\t\t\t\t<div class=\"elementor-widget-container\">\n\t\t\t\t\t<div class=\"elementor-image\">\n\t\t\t\t\t\t\t\t\t\t<img decoding=\"async\" src=\"https:\/\/akmenesmedelynas.lt\/wp-content\/uploads\/2022\/03\/275583693_681206229968036_7967473716427293326_n.jpg\" title=\"275583693_681206229968036_7967473716427293326_n\" alt=\"275583693_681206229968036_7967473716427293326_n\" \/>\t\t\t\t\t\t\t\t\t\t\t<\/div>\n\t\t\t\t<\/div>\n\t\t\t\t<\/div>\n\t\t\t\t<div class=\"elementor-element elementor-element-aebd9f8 elementor-widget elementor-widget-image\" data-id=\"aebd9f8\" data-element_type=\"widget\" data-widget_type=\"image.default\">\n\t\t\t\t<div class=\"elementor-widget-container\">\n\t\t\t\t\t<div class=\"elementor-image\">\n\t\t\t\t\t\t\t\t\t\t<img decoding=\"async\" src=\"https:\/\/akmenesmedelynas.lt\/wp-content\/uploads\/2022\/03\/275605416_1643574142655357_1960482993692010061_n-1.jpg\" title=\"275605416_1643574142655357_1960482993692010061_n (1)\" alt=\"275605416_1643574142655357_1960482993692010061_n (1)\" \/>\t\t\t\t\t\t\t\t\t\t\t<\/div>\n\t\t\t\t<\/div>\n\t\t\t\t<\/div>\n\t\t\t\t\t<\/div>\n\t\t<\/div>\n\t\t\t\t\t\t\t<\/div>\n\t\t<\/section>\n\t\t\t\t<section class=\"elementor-section elementor-top-section elementor-element elementor-element-2b56a40c elementor-section-full_width elementor-section-content-middle elementor-section-height-default elementor-section-height-default\" data-id=\"2b56a40c\" data-element_type=\"section\">\n\t\t\t\t\t\t<div class=\"elementor-container elementor-column-gap-no\">\n\t\t\t\t\t\t\t\t<\/div>\n\t\t<\/section>\n\t\t\t\t\t\t<\/div>\n\t\t\t\t\t<\/div>\n\t\t","protected":false},"excerpt":{"rendered":"<p>Akmen\u0117s medelynas jau planuoja pavasario sezono prad\u017ei\u0105 Gamta pama\u017eu bunda i\u0161 po \u017eiemos miego ir neu\u017eilgo prad\u017eiugins nuostabiu lap\u0173 ir \u017eied\u0173 gro\u017eiu. Pas mus sodinukai taip pat pama\u017eu ruo\u0161iami \u0161i\u0173 met\u0173 sezonui. Bet kol neprad\u0117jome atkyvios sezono prekybos galime pasi\u016blyti didesn\u012f ir \u012fvairesn\u012f sodinuk\u0173 asortiment\u0105, susiekite tel nr.:\u00a0+370 (672) 68113 arba\u00a0 \u00a0+370 (620) 14574<\/p>\n","protected":false},"author":1,"featured_media":0,"parent":0,"menu_order":0,"comment_status":"closed","ping_status":"closed","template":"elementor_header_footer","meta":{"footnotes":""},"class_list":["post-2489","page","type-page","status-publish","hentry"],"yoast_head":"<!-- This site is optimized with the Yoast SEO plugin v16.0.2 - https:\/\/yoast.com\/wordpress\/plugins\/seo\/ -->\n<title>pagrindinis - Akmen\u0117s medelynas<\/title>\n<link rel=\"canonical\" href=\"https:\/\/akmenesmedelynas.lt\/\" \/>\n<meta property=\"og:locale\" content=\"lt_LT\" \/>\n<meta property=\"og:type\" content=\"article\" \/>\n<meta property=\"og:title\" content=\"pagrindinis - Akmen\u0117s medelynas\" \/>\n<meta property=\"og:description\" content=\"Akmen\u0117s medelynas jau planuoja pavasario sezono prad\u017ei\u0105 Gamta pama\u017eu bunda i\u0161 po \u017eiemos miego ir neu\u017eilgo prad\u017eiugins nuostabiu lap\u0173 ir \u017eied\u0173 gro\u017eiu. Pas mus sodinukai taip pat pama\u017eu ruo\u0161iami \u0161i\u0173 met\u0173 sezonui. Bet kol neprad\u0117jome atkyvios sezono prekybos galime pasi\u016blyti didesn\u012f ir \u012fvairesn\u012f sodinuk\u0173 asortiment\u0105, susiekite tel nr.:\u00a0+370 (672) 68113 arba\u00a0 \u00a0+370 (620) 14574\" \/>\n<meta property=\"og:url\" content=\"https:\/\/akmenesmedelynas.lt\/\" \/>\n<meta property=\"og:site_name\" content=\"Akmen\u0117s medelynas\" \/>\n<meta property=\"article:modified_time\" content=\"2022-03-16T19:07:54+00:00\" \/>\n<meta property=\"og:image\" content=\"http:\/\/akmenesmedelynas.lt\/wp-content\/uploads\/elementor\/thumbs\/275583693_681206229968036_7967473716427293326_n-plyly3w7tfyzzsovk50clap0j1pehpmvji49pihqtk.jpg\" \/>\n<meta name=\"twitter:card\" content=\"summary_large_image\" \/>\n<meta name=\"twitter:label1\" content=\"Est. reading time\">\n\t<meta name=\"twitter:data1\" content=\"1 minut\u0117\">\n<script type=\"application\/ld+json\" class=\"yoast-schema-graph\">{\"@context\":\"https:\/\/schema.org\",\"@graph\":[{\"@type\":\"Organization\",\"@id\":\"https:\/\/akmenesmedelynas.lt\/#organization\",\"name\":\"Akmen\\u0117s medelynas\",\"url\":\"https:\/\/akmenesmedelynas.lt\/\",\"sameAs\":[],\"logo\":{\"@type\":\"ImageObject\",\"@id\":\"https:\/\/akmenesmedelynas.lt\/#logo\",\"inLanguage\":\"lt-LT\",\"url\":\"https:\/\/akmenesmedelynas.lt\/wp-content\/uploads\/2021\/03\/Akmene\\u0307s-medelynas-Logo-5.png\",\"width\":1500,\"height\":1500,\"caption\":\"Akmen\\u0117s medelynas\"},\"image\":{\"@id\":\"https:\/\/akmenesmedelynas.lt\/#logo\"}},{\"@type\":\"WebSite\",\"@id\":\"https:\/\/akmenesmedelynas.lt\/#website\",\"url\":\"https:\/\/akmenesmedelynas.lt\/\",\"name\":\"Akmen\\u0117s medelynas\",\"description\":\"\",\"publisher\":{\"@id\":\"https:\/\/akmenesmedelynas.lt\/#organization\"},\"potentialAction\":[{\"@type\":\"SearchAction\",\"target\":\"https:\/\/akmenesmedelynas.lt\/?s={search_term_string}\",\"query-input\":\"required name=search_term_string\"}],\"inLanguage\":\"lt-LT\"},{\"@type\":\"ImageObject\",\"@id\":\"https:\/\/akmenesmedelynas.lt\/#primaryimage\",\"inLanguage\":\"lt-LT\",\"url\":\"http:\/\/akmenesmedelynas.lt\/wp-content\/uploads\/elementor\/thumbs\/275583693_681206229968036_7967473716427293326_n-plyly3w7tfyzzsovk50clap0j1pehpmvji49pihqtk.jpg\"},{\"@type\":\"WebPage\",\"@id\":\"https:\/\/akmenesmedelynas.lt\/#webpage\",\"url\":\"https:\/\/akmenesmedelynas.lt\/\",\"name\":\"pagrindinis - Akmen\\u0117s medelynas\",\"isPartOf\":{\"@id\":\"https:\/\/akmenesmedelynas.lt\/#website\"},\"primaryImageOfPage\":{\"@id\":\"https:\/\/akmenesmedelynas.lt\/#primaryimage\"},\"datePublished\":\"2022-03-16T17:43:43+00:00\",\"dateModified\":\"2022-03-16T19:07:54+00:00\",\"breadcrumb\":{\"@id\":\"https:\/\/akmenesmedelynas.lt\/#breadcrumb\"},\"inLanguage\":\"lt-LT\",\"potentialAction\":[{\"@type\":\"ReadAction\",\"target\":[\"https:\/\/akmenesmedelynas.lt\/\"]}]},{\"@type\":\"BreadcrumbList\",\"@id\":\"https:\/\/akmenesmedelynas.lt\/#breadcrumb\",\"itemListElement\":[{\"@type\":\"ListItem\",\"position\":1,\"item\":{\"@type\":\"WebPage\",\"@id\":\"https:\/\/akmenesmedelynas.lt\/\",\"url\":\"https:\/\/akmenesmedelynas.lt\/\",\"name\":\"Home\"}},{\"@type\":\"ListItem\",\"position\":2,\"item\":{\"@type\":\"WebPage\",\"@id\":\"https:\/\/akmenesmedelynas.lt\/\",\"url\":\"https:\/\/akmenesmedelynas.lt\/\",\"name\":\"pagrindinis\"}}]}]}<\/script>\n<!-- \/ Yoast SEO plugin. -->","_links":{"self":[{"href":"https:\/\/akmenesmedelynas.lt\/index.php?rest_route=\/wp\/v2\/pages\/2489","targetHints":{"allow":["GET"]}}],"collection":[{"href":"https:\/\/akmenesmedelynas.lt\/index.php?rest_route=\/wp\/v2\/pages"}],"about":[{"href":"https:\/\/akmenesmedelynas.lt\/index.php?rest_route=\/wp\/v2\/types\/page"}],"author":[{"embeddable":true,"href":"https:\/\/akmenesmedelynas.lt\/index.php?rest_route=\/wp\/v2\/users\/1"}],"replies":[{"embeddable":true,"href":"https:\/\/akmenesmedelynas.lt\/index.php?rest_route=%2Fwp%2Fv2%2Fcomments&post=2489"}],"version-history":[{"count":11,"href":"https:\/\/akmenesmedelynas.lt\/index.php?rest_route=\/wp\/v2\/pages\/2489\/revisions"}],"predecessor-version":[{"id":2515,"href":"https:\/\/akmenesmedelynas.lt\/index.php?rest_route=\/wp\/v2\/pages\/2489\/revisions\/2515"}],"wp:attachment":[{"href":"https:\/\/akmenesmedelynas.lt\/index.php?rest_route=%2Fwp%2Fv2%2Fmedia&parent=2489"}],"curies":[{"name":"wp","href":"https:\/\/api.w.org\/{rel}","templated":true}]}}